 162*d - i + 10 = 163*d, -5*d + i + 62 = 0. Let j(g) = -g**2 - g - 1. Let o be j(-2). What is the remainder when 32*1 - 0/o is divided by d?
8
Suppose 0 = 3*z + 3*s - 2577, -2*s + 4291 = 5*z + 2*s. What is the remainder when z is divided by 22?
19
What is the remainder when 55 is divided by -2*14*3/(-4)?
13
Let k = -959 + 1177. Calculate the remainder when k is divided by 13.
10
What is the remainder when (-185)/222 + (-1714)/(-12) is divided by 8?
6
Suppose -21*o = -0*o - 10017. Calculate the remainder when o is divided by 117.
9
Suppose -5*v = 2*c - 173, -3*v - 25*c = -26*c - 106. Calculate the remainder when 312 is divided by v.
32
Suppose 58*z - 56*z - 4828 = -4*n, -2 = z. What is the remainder when n is divided by 110?
108
Calculate the remainder when 48 is divided by ((-66)/10)/((-3)/15*1).
15
Suppose 18*r - 80 = 14*r. Suppose 4*i = 12 + r. Calculate the remainder when i is divided by 2.
0
Suppose 5*x - 3*k - 3 = 0, -2*x + 0 = -3*k - 3. Suppose x - 16 = -4*n. Let v(l) = l**2 - 4*l + 1. What is the remainder when v(n) is divided by 1?
0
Suppose 482 = 4*u - 2*o + 4*o, 0 = -3*u - 4*o + 374. Let z = u + -84. Suppose -2*s = -18 - 6. Calculate the remainder when z is divided by s.
10
Suppose 3*q + a = 14, -11 - 1 = 3*a. Let v(d) = -d + 2. Let g be v(-11). Let f = -2 + g. Calculate the remainder when f is divided by q.
5
Suppose -84 = -5*p - 3*h, -5*h = -3*p + 18 + 12. Suppose 0*n = 5*n - p. Suppose 3*u + o = 67, 61 = n*u + o - 6*o. What is the remainder when 64 is divided by u?
20
Suppose 29*a - 24*a - 25 = 0, 0 = -w + 5*a + 7. Calculate the remainder when 60 is divided by w.
28
Let n = 5 - -100. Suppose -2*g - 29 + n = 0. What is the remainder when g is divided by 13?
12
Let y = -328 - -334. Calculate the remainder when y is divided by 3.
0
Let t(d) = 5*d. Let i be t(3). Suppose -3*p + i = 2*n + 3, 4*n - p = 52. Calculate the remainder when 34 is divided by n.
10
Let q be (-6)/8 + (-55)/(-20). What is the remainder when 88 is divided by q/(-3)*81/(-3)?
16
Let a(i) = -i**2 + 9*i + 44. Let x be a(14). Let j = 42 + x. Calculate the remainder when j is divided by 5.
1
Let r be 7/(-14) + (-62)/4. Let m = 16 + r. Suppose -5*k - 20 = m, -3*z = z - 3*k - 88. What is the remainder when z is divided by 11?
8
Let r(t) = 4*t**2 + 4*t - 18. Let w be r(5). Suppose -w = -4*u + 98. Calculate the remainder when u is divided by 14.
8
Let x(o) = -o**3 + 12*o**2 + 14*o + 20. Calculate the remainder when x(13) is divided by 9.
6
Let k = -2205 + 5353. What is the remainder when k is divided by 105?
103
Suppose 463 = 4*s + 27. Let k = 76 - 54. What is the remainder when s is divided by k?
21
Let q = 61 - 85. Let y = -5 - q. Let o(i) = -3*i**3 - 2*i**2 - 4*i + 54. What is the remainder when o(0) is divided by y?
16
Let x(b) = b**3 - 4*b**2 - 2*b - 11. Let y be x(5). Suppose y*m = 1 + 11. Calculate the remainder when m is divided by 2.
1
Suppose 5*t + 4*p - 21 - 36 = 0, 5*p = -2*t + 33. What is the remainder when 412/9 - (-2)/t is divided by 24?
22
Let n be 1/((-1)/9*3) - -138. Suppose 2*r - 159 = n. What is the remainder when r is divided by 25?
22
Let l = -491 - -553. What is the remainder when l is divided by 7?
6
Let x be 12/(-5) + 44/110. Calculate the remainder when 2 is divided by (-1 - (-2)/4)*x.
0
Suppose 28 = 2*r - 12. Suppose 2*m + 3*l = 5*l + 150, 5*m = 2*l + 378. What is the remainder when m is divided by r?
16
Suppose -59 = -5*n + 191. Suppose -44*g = -n*g + 198. Calculate the remainder when 65 is divided by g.
32
Let x be (-18)/36*8/(-1). Suppose 3*q - 32 = m, -x*q + 44 = -m - m. What is the remainder when 59 is divided by q?
9
Let a = -31 - -43. Suppose -10*r + a*r - 12 = 0. What is the remainder when 22 is divided by r?
4
Suppose -3*s + 4*q - 5*q = -49, s - 11 = 5*q. What is the remainder when s is divided by 6?
4
Suppose -8*m + 4*m + 76 = 2*h, -2*h - 5*m = -78. What is the remainder when 94 is divided by h?
26
Let r be -1*(-2 + -1 + 20). Let o = r - -27. Suppose -7*f = -o*f + 195. Calculate the remainder when f is divided by 17.
14
Let s be 144/14 + 8/(-28). Suppose 2*k = s + 20. Let y = -1 + 30. Calculate the remainder when y is divided by k.
14
Let b = 10 + 0. Let c be (-68)/(-20) + (-4)/b. Suppose 0 = 4*n - 8, 0 = -c*u + 2*n - 3*n + 44. What is the remainder when 55 is divided by u?
13
Suppose 3*d + 3*h - 24 = 0, 0 = 5*h - h - 12. Suppose 0 = -d*l + 14 + 21. Calculate the remainder when 25 is divided by l.
4
Suppose 391 - 535 = -24*l. What is the remainder when 0 + (-3 - 0) - -29 is divided by l?
2
Suppose -3*o = -t - 75, 5*o - 10 - 105 = 5*t. Calculate the remainder when 200 is divided by o.
18
Suppose y - 110 = -4*y. Calculate the remainder when y is divided by (-78)/(-10) + -3*(-7)/105.
6
Let h(q) = q**2 + q + 31. Suppose -6 = 3*c + 6, -42 = -2*l - 2*c. Suppose -4*v = y - l, -v + 3*v = -y + 21. What is the remainder when h(0) is divided by y?
14
Let z = -77 - -154. Calculate the remainder when z is divided by 40.
37
Let h = 239 - 216. What is the remainder when 43 is divided by h?
20
Let j(f) = f**3 - 83*f**2 + 3*f - 220. Suppose -3*h + 4*h - 223 = 0. Suppose -5*y + h = -57. Calculate the remainder when y is divided by j(83).
27
Let t be (-1)/(-1)*65 - (3 + 0). Suppose -58 = -5*l + t. Calculate the remainder when 70 is divided by l.
22
Let a(z) = z - 4. Let y be a(6). Let k(x) = 29*x - 8. What is the remainder when k(y) is divided by 13?
11
Let x be 9/(81/102) - (-4)/6. Let p = 104 + -68. What is the remainder when ((-219)/6)/((-6)/x) + -2 is divided by p?
35
Suppose 2*f = -t + 154, 3*t + 4*f = -2*t + 740. Let r(n) = n + 21. What is the remainder when t is divided by r(0)?
18
Suppose -4*v = -2*g - 238, g + 218 = 4*v + 3*g. Suppose -2*y + v = -37. Calculate the remainder when y is divided by 24.
23
Suppose -10*i = -43 - 97. Calculate the remainder when 388 is divided by i.
10
Let m = 9 - 6. Let f = 248 - 237. Calculate the remainder when f is divided by m.
2
Suppose 3146 = 21*r - 88. Suppose r = 5*q + 44. Suppose -5*z + 6*z - 87 = 0. Calculate the remainder when z is divided by q.
21
Calculate the remainder when (-420)/(-3) + (-42)/(-6) is divided by 48.
3
Calculate the remainder when (-6)/4*(-4256)/114 is divided by 49.
7
Calculate the remainder when 193 is divided by 35 + 12 + (-3 - 1).
21
Let c(l) = -32*l - 410. What is the remainder when c(-17) is divided by 36?
26
Let z = 2 - -17. Suppose 3117 + 1640 = 42*a + 893. Calculate the remainder when a is divided by z.
16
Let v(y) = -2*y**2 + 77*y + 14. Calculate the remainder when v(38) is divided by 15.
7
Let s(j) = j**3 - j**2 - 2*j + 16. Let i be s(0). Suppose 0 = 19*d - i*d - 174. What is the remainder when d is divided by 15?
13
Let o(q) = 18*q + 12. What is the remainder when o(2) is divided by 25?
23
Let r = 6 + 1. Suppose 4*n - 4 = 16. Calculate the remainder when r is divided by n.
2
Suppose 4*y - 298 = -0*y + 2*u, 5*y - 340 = -4*u. Suppose -5*x + 5*n = -0*x - 90, 5*n + 15 = 0. What is the remainder when y is divided by x?
12
Suppose q = 7 + 4. Suppose 5*g = 5*r - 3*r + 197, 4*g = -r + 168. Suppose -3*u - g = -137. What is the remainder when u is divided by q?
10
Suppose -14*t + 18 = -12*t. What is the remainder when 188 is divided by t?
8
Let f(p) = -p**3 + 9*p**2 - 4*p - 5. What is the remainder when f(7) is divided by (-34)/(-4) - -1 - (-69)/46?
10
Let u(t) = 4*t + 117. What is the remainder when u(0) is divided by 11?
7
Suppose 0 = 4*o - 5*v - 23, 2*o - 3*v - 13 = -0*v. Suppose 17 = o*n - 29. Suppose -5*p = -37 - n. What is the remainder when 47 is divided by p?
11
Suppose -90*v + 44 = -88*v. What is the remainder when 30 is divided by v?
8
Suppose -4*y = 7*y - 187. Calculate the remainder when 84 is divided by y.
16
Suppose 15 = 5*m, -9 = x + 2*x + 2*m. Let a be (-9)/(-6)*64/(-12). Calculate the remainder when x/((-100)/a)*-55 is divided by 8.
6
Let c(w) = -36*w**2 + 21 + 67*w**2 - 32*w**2 + 18*w. Calculate the remainder when c(18) is divided by 16.
5
Suppose 0 = -3*b - 4*y + 23, 4*b - 4*y - 72 = y. Calculate the remainder when 1/(-3)*-74 - (1325/15)/53 is divided by b.
10
Let g = -16 + 21. Let f(v) = -v + 8. What is the remainder when g is divided by f(7)?
0
Let x(m) = m**3 + 13*m**2 - m - 17. Let p be x(-13). Let s(b) = -b**3 + 11*b**2 + 4*b - 15. Calculate the remainder when